e -108 + 93 = -g. Suppose -3*v + 0*d + 792 = d, 5*d + g = 0. What are the prime factors of v?
5, 53
Let k = -1807 - -2681. Let g = k - -223. What are the prime factors of g?
1097
Suppose 5*f = -z - 17, 5*f + 8 = 4*z + 26. Let o be 224/(-48)*90/z. Suppose -3*p + 6 = 4*i - 63, 5*p - o = -3*i. What are the prime factors of i?
3, 5
Let y(f) = 95*f**2 + f. Let j be -1*(-4 + (1 - -2)). Let g be (1 - -3 - 5)/(0 - j). List the prime factors of y(g).
2, 3
Let b(s) = 2*s**2 + 331*s - 2957. What are the prime factors of b(141)?
2, 41, 509
Suppose -128*x = -75*x - 435183. List the prime factors of x.
3, 7, 17, 23
Suppose 0 = 8*q + 2 - 2. Let a be (-1 + q - (-1 - 0))/(-2). Suppose t + 3*i - 93 = a, 0 = -5*t - 2*i + 284 + 155. What are the prime factors of t?
3, 29
Let o = 784 + -667. Suppose 115*p = o*p - 2158. List the prime factors of p.
13, 83
Suppose -7 = 6*a - 25. Suppose -5*y = 5*q - 6730, -q + 2*q + a*y - 1340 = 0. List the prime factors of q.
19, 71
Let p(j) = 11*j + 198. Let g be p(-18). What are the prime factors of -4 + (480 - (-4 + g))?
2, 3, 5
Suppose 16839*c + 259221 + 291834 = 16856*c. List the prime factors of c.
3, 5, 2161
Let k be -1*(-202)/5 - 48/120. Suppose 73*t + k = 77*t. List the prime factors of t.
2, 5
List the prime factors of (2/1 + (-97984)/12)*(-150)/100.
5, 31, 79
Suppose -4523 = -3*d + 4*a, 0 = 13*d - 8*d + 3*a - 7519. Suppose -4*q + 422 = 2*r - 5556, -q = 4*r - d. What are the prime factors of q?
1493
Let w = 325 - -1448. List the prime factors of w.
3, 197
Suppose -14*p + 37 = -10*p - 5*f, 5*f = -p + 3. What are the prime factors of p/6*117/6?
2, 13
Let n(x) = -4*x + 74. Let s be n(16). List the prime factors of (s/4 + 14/(-7))*622.
311
Suppose g - 7856 = -1863. List the prime factors of g.
13, 461
Let p = 4207 + -2952. Suppose 5*j - p = 520. Suppose i = -2*v + 193, -3*i + 2*v - j + 894 = 0. List the prime factors of i.
3, 61
Let p be (1 - 1)/(3 + -2). Suppose p = -4*r - d + 112, 0*r = -3*r + 5*d + 61. Let m = r + 42. List the prime factors of m.
3, 23
What are the prime factors of -8 + (7 - (-15636)/12)?
2, 3, 7, 31
Suppose 18 = 71*d - 69*d. Suppose 0 = -6*u + d*u - 24. Suppose 198 = 9*h - u*h. List the prime factors of h.
2, 3, 11
List the prime factors of 5/(-1 - -6) - -1556.
3, 173
Let r be 430/(-86) - (-8 - (-2)/2). List the prime factors of (7 + (-285)/30)/(r/(-452)).
5, 113
Let z(d) be the first derivative of 74*d**3/3 + d**2/2 + d - 1. Let i(s) = -4*s + 35. Let o be i(9). List the prime factors of z(o).
2, 37
Suppose -2*a + 16 = 2*m, 4*a - 2*m = 6 + 2. Suppose -a*u = -3*u - 232. Suppose -f = -4*i + i + u, i - 3*f - 88 = 0. What are the prime factors of i?
2, 19
What are the prime factors of -9102*(-1)/((-66)/(-77))?
7, 37, 41
Suppose -379*c - 370*c + 723*c = -2132. Let b(g) = -69*g**2 + 2*g + 1. Let r be b(-1). Let w = r + c. What are the prime factors of w?
2, 3
Let l(v) = -95 + 105 + 3*v - 4*v. Let w be l(-19). Suppose -u + 46 + w = 0. What are the prime factors of u?
3, 5
Let t(z) = 29*z**2 + 13*z + 242. What are the prime factors of t(-17)?
2, 4201
List the prime factors of 5/3*(-456498)/(-12) + 315/(-630).
2, 3, 10567
Let c = 99 - 125. List the prime factors of -1 - 10/(-4) - 7657/c.
2, 37
Suppose 148*l - 874086 = 480706. List the prime factors of l.
2, 23, 199
Let w(d) = 5*d + 59. Let m be w(-11). Suppose m*u - 2079 = 3*y, -u + 7*y - 5*y = -521. What are the prime factors of u?
3, 173
Let y(q) = 351*q**2 + 42*q + 416. List the prime factors of y(-9).
7, 83
Let q = -28 - -33. Suppose 3*r + 2025 = 13*n - 9*n, q = r. What are the prime factors of n?
2, 3, 5, 17
Suppose -v - 26 = -4*x + 2*x, 2 = x + 5*v. Let j(n) = x + 30 + 0*n + 7 - 21*n. What are the prime factors of j(-7)?
2, 7
Let h(v) = -80 - 357*v + 22 + 26 + 26. List the prime factors of h(-1).
3, 13
Let a(x) = 2430*x - 3133. What are the prime factors of a(11)?
7, 3371
Let u = 552 - 553. Let b be 2/11 - (-91)/(-77). List the prime factors of -237*(u + 2)*b.
3, 79
Let s = 7857 + -3453. What are the prime factors of s?
2, 3, 367
Suppose 886*z - 35416 = 867*z. List the prime factors of z.
2, 233
Let k(x) = -x**3 + 87*x**2 - 129*x + 844. What are the prime factors of k(85)?
3, 13, 37
What are the prime factors of 2/(-1) - (53622 - -6)/(-4)?
5, 7, 383
Suppose -345 = 6*b - 111. Let l = -316 + b. Let v = -238 - l. List the prime factors of v.
3, 13
Let d(o) = 2*o**2 + 7*o - 4. Let p be d(-4). Suppose -2*b - 5*b + 84 = p. List the prime factors of 4 + (2/(-6))/(4/b).
3
Let y(p) = p**3 + p + 192. Let k be y(0). Suppose -249 = -3*s + k. What are the prime factors of s?
3, 7
Let d(c) = -3*c + 62. Let p be d(22). Let u(k) = 14*k**2 + 4*k - 2. Let h be u(p). Suppose 2*v - 309 = -3*z + 4*v, h = 2*z + 2*v. List the prime factors of z.
103
Let g(c) = -25*c + 2888. What are the prime factors of g(83)?
3, 271
Suppose -5*m = -13 - 2. Suppose -4*g + 583 = -2*o - 175, g + m*o = 186. What are the prime factors of g?
3, 7
Let c(i) = i**2 - i + 8. Let l be c(0). Suppose 4*g - 3*y = 834, y + 3*y - l = 0. What are the prime factors of g?
2, 3, 5, 7
Let s be 2 - (-133 - -3) - 60/(-12). Suppose s*w - 139*w + 230 = 0. List the prime factors of w.
5, 23
Let p(y) = -y**2 - 21*y + 38. Let r be p(-22). Suppose -r*g + 3038 = 110. List the prime factors of g.
3, 61
Let s = -43643 - -66140. What are the prime factors of s?
3, 7499
Let c(w) = w**2 + 14*w - 95. Let q be c(5). Suppose -5*o + 2*u + 8246 = q, 1654 = o - 0*u + 2*u. List the prime factors of o.
2, 3, 5, 11
Suppose 5*c - w = -47, 4*c - 3*w + 3 + 39 = 0. Let i(m) = -m**3 - 9*m**2 + 3*m + 31. What are the prime factors of i(c)?
2
Suppose 56*k - 12 = 50*k. Suppose -k*s - 1576 = -4*l + 3*s, 3*l = 2*s + 1175. List the prime factors of l.
389
Suppose -26*r - 231*r = -5728273. What are the prime factors of r?
31, 719
Let k(i) = 30*i**2 + 5*i + 40. What are the prime factors of k(-6)?
2, 5, 109
Let q = 239 - 236. Suppose 5*v = -q*v + 3936. List the prime factors of v.
2, 3, 41
Suppose 20*c - 37*c + 34 = 0. List the prime factors of (38505/(-204))/(c/(-8)).
5, 151
Let j be ((-98)/(-7))/(4/(-38)). Let f = j - -138. Suppose 2*w + 3*r = 501, -3*r + f*r - 10 = 0. List the prime factors of w.
3
List the prime factors of 53882946/1872 - (2 - 38/16).
2, 7, 257
Suppose -52455 = -5*s - 5*y, -9*y + 6*y - 20957 = -2*s. List the prime factors of s.
2, 7, 107
Let o(m) be the first derivative of m**5/20 + m**4 - 17*m**3/6 + 2*m**2 - 9*m + 9. Let v(u) be the first derivative of o(u). List the prime factors of v(-13).
2, 7
Suppose 4*q + a = 65235, 0 = 4*q - 1520*a + 1524*a - 65220. List the prime factors of q.
2, 5, 7, 233
Let l(x) = -27*x - 2. Let q(z) = -2*z**3 + 8*z**2 - 2*z + 5. Let i be q(4). Let v be l(i). Suppose -m - 9 = -v. List the prime factors of m.
2, 5, 7
What are the prime factors of (36/(-4))/3 + (-4549)/3*-3?
2, 2273
Let y(t) = t**3 + 5*t**2 - 8*t - 7. Let f be y(-6). Suppose 10*u = f*u + 1165. Let p = -159 + u. List the prime factors of p.
2, 37
Let v(n) = 3*n**2 - 20*n - 13. Let d be v(5). Let l(w) = w**2 + 24*w - 41. What are the prime factors of l(d)?
491
Let u(f) = 1101*f - 5624. List the prime factors of u(50).
2, 13, 1901
Suppose u - 25804 = 2*w, -2*u + 51035 = -w - 567. List the prime factors of u.
2, 3, 5, 43
Suppose -21948 = -3*z - 4*u, 279*z - 36569 = 274*z - 3*u. List the prime factors of z.
2, 457
Let d be 20/(-20) + (-2)/(4/(-30)). Suppose f + d*p - 170 = 16*p, 4*p = 16. What are the prime factors of f?
2, 89
Let h(x) = -x + 17. Let t be h(21). Let l be -8*(t + (-28)/(-8)). Suppose 4*b = -i + 75, 3*b + l = -4*i + 44. What are the prime factors of b?
2, 5
Let s(q) = 15*q + 73. Let u(l) = 8*l + 36. Let f(j) = 3*s(j) - 5*u(j). Let m be f(-8). List the prime factors of ((0 - m)*-1)/((-1)/2).
2
Suppose 0 = 162*o + 168*o - 17112150. List the prime factors of o.
3, 5, 3457
Let l(c) = -2075*c**3 + 3*c**2 - 164*c - 337. List the prime factors of l(-2).
16603
Let f(k) = 10360*k - 11109. List the prime factors of f(8).
7, 10253
Suppose 264*l + 2*d = 259*l + 1120, -676 = -3*l - 2*d. Suppose -6*p = -p. Suppose -5*j - 5*k + 525 = p, 2*j - l = -3*k + 5*k. What are the prime factors of j?
2, 3
Let j = 1846 - 1850. Let x(l) = -4 - 1 + 0*l**2 + 2*l**2 + 4*l. List the prime factors of x(j).
11
Suppose -x + 12 = -2*j, 10*x + 38 = -4*j + 5*x